2 + 131530?
143312
In base 12, what is -11a5b7 - 33?
-11a62a
In base 10, what is -4150839 - 4?
-4150843
In base 9, what is 22814 - -122?
23036
In base 5, what is -3403322123 + -3?
-3403322131
In base 11, what is 26218 - 232?
25a96
In base 13, what is -1 - 15caca3?
-15caca4
In base 5, what is 132232130240 + 2?
132232130242
In base 8, what is 1157636 + 176?
1160034
In base 14, what is 12dd4 - -348?
1333c
In base 8, what is 302272520 - -2?
302272522
In base 6, what is -342 + 11123213?
11122431
In base 12, what is -ab8 + -793?
-168b
In base 4, what is 33332010 + -10020?
33321330
In base 8, what is -2 - -5100354?
5100352
In base 16, what is -8f65293 - 0?
-8f65293
In base 6, what is 15005505 + -230?
15005235
In base 8, what is -175 - -1241605?
1241410
In base 6, what is 400004313 - 2?
400004311
In base 12, what is -11b524 + -14?
-11b538
In base 4, what is -31211333102 - 112?
-31211333220
In base 3, what is 101021121002122 - 101?
101021121002021
In base 6, what is 1 + -155253130?
-155253125
In base 7, what is -263363436 + 2?
-263363434
In base 2, what is -111101010 - 110101101011011?
-110110101000101
In base 6, what is -1114315 + -45?
-1114404
In base 11, what is 45 - 1799224?
-179918a
In base 6, what is -3 + 1052230515?
1052230512
In base 5, what is 301312320222 - -2?
301312320224
In base 16, what is -15feb3 - 7?
-15feba
In base 5, what is -2401321032 - -2?
-2401321030
In base 15, what is -268 - 22a1?
-2519
In base 13, what is 171420 - -28?
171448
In base 11, what is -99 + -245023a?
-2450328
In base 15, what is 1b + 2a209?
2a225
In base 9, what is -31 - 5358200?
-5358231
In base 7, what is -246 + -444140?
-444416
In base 12, what is 2a6 - -270b1?
27397
In base 12, what is 12a1336 + 12?
12a1348
In base 11, what is 10 + -4343453?
-4343443
In base 7, what is 1662 + -10553051?
-10551056
In base 2, what is -111010111100111110 - 100110011011?
-111011100011011001
In base 2, what is -1001000010000110111101000 + -100?
-1001000010000110111101100
In base 3, what is 20110 + 10201001002022?
10201001022202
In base 14, what is -5 - 515b78c?
-515b793
In base 5, what is 4 + -2032344112?
-2032344103
In base 13, what is 11 + 13a5401?
13a5412
In base 10, what is -3274 - 173003?
-176277
In base 4, what is -1 + 1001010122?
1001010121
In base 4, what is -10032310133110 + -11?
-10032310133121
In base 10, what is -51839 + -61?
-51900
In base 7, what is 16 - 1324503?
-1324454
In base 3, what is 101001210220012110 + -12?
101001210220012021
In base 8, what is -21161 - 73334?
-114515
In base 16, what is 17cf3c - -9?
17cf45
In base 12, what is -a - -10811?
10803
In base 7, what is 55310222 + -320?
55306602
In base 3, what is -1012012220 + -2211210?
-1022001200
In base 5, what is 13201123 - 1102?
13200021
In base 16, what is -1233 + -13b8?
-25eb
In base 5, what is -3422342430 - -10?
-3422342420
In base 6, what is -44 + 11553322?
11553234
In base 7, what is 134253206 - -145?
134253354
In base 5, what is 4 + 30333433112?
30333433121
In base 7, what is -25 + 652506?
652451
In base 12, what is bb - -a3b812?
a3b911
In base 6, what is 20145113 - -124?
20145241
In base 10, what is 132 - 7771882?
-7771750
In base 8, what is -1141 + 177067?
175726
In base 8, what is 213127 - -237?
213366
In base 2, what is 11000110110 - 11001001100011?
-10110000101101
In base 5, what is 111 + -14014140340?
-14014140224
In base 9, what is -21045 + 20?
-21025
In base 4, what is 10 - 23131231021131?
-23131231021121
In base 6, what is -155500101 + 0?
-155500101
In base 14, what is -792 + -167?
-919
In base 5, what is 224043 - 133421?
40122
In base 7, what is 10555113035 + 2?
10555113040
In base 7, what is -135 - -260416?
260251
In base 15, what is -6c + 793e7?
7937a
In base 10, what is -3552 - 15709?
-19261
In base 7, what is -3546 - 336633?
-343512
In base 15, what is 5b - 5dbd?
-5d62
In base 11, what is -2a37a42 - 4?
-2a37a46
In base 11, what is 28aa815 + -34?
28aa791
In base 6, what is 413 - 31355310?
-31354453
In base 14, what is -59 - 1307?
-1362
In base 8, what is -7066031 - 4?
-7066035
In base 7, what is -30002 + -160123?
-220125
In base 14, what is -1b9d6 + 537?
-1b49d
In base 9, what is -16681777 + -4?
-16681782
In base 15, what is 7 + -154b690?
-154b688
In base 4, what is -2311031 - 1121211?
-10032302
In base 5, what is -30402 + -2322143?
-2403100
In base 2, what is -101 + -1010101010001010011001?
-1010101010001010011110
In base 5, what is 4 - 341210214042?
-341210214033
In base 11, what is -121152773 + -5?
-121152778
In base 2, what is -10101100101111111001101110 + 100?
-10101100101111111001101010
In base 12, what is 111 + -2b560?
-2b44b
In base 9, what is -1874 - -5672?
3687
In base 12, what is 141 + 38044?
38185
In base 3, what is 102211 + -110010121200022?
-110010121020111
In base 8, what is -123043310 - 1?
-123043311
In base 12, what is 152aa + 276b?
17a59
In base 7, what is -1256 - -300016?
265430
In base 14, what is -1a0a - 519c?
-6ba8
In base 5, what is 10012111420343 + 0?
10012111420343
In base 16, what is -d1 - 299e11?
-299ee2
In base 6, what is 11523311235 + -3?
11523311232
In base 6, what is -25202113423 - -5?
-25202113414
In base 16, what is -1d4 + -19b318?
-19b4ec
In base 6, what is -25 - -10345230?
10345201
In base 4, what is -332 - 21313321000?
-21313321332
In base 10, what is 8 + 18705530?
18705538
In base 10, what is 10054270 + 40?
10054310
In base 5, what is 21100 - -1144021?
1220121
In base 13, what is 2 - 12163cc?
-12163ca
In base 16, what is 4 - 72e531?
-72e52d
In base 4, what is -322002301 + -101220?
-322110121
In base 3, what is 1010010011 + 201022?
1010211110
In base 15, what is -c6 + -4364d?
-43724
In base 2, what is -1111101110101001 + 10011100110?
-1111011011000011
In base 3, what is 12022120222 + 1?
12022121000
In base 7, what is -451263 - -52?
-451211
In base 11, what is 3213983 - 42?
3213941
In base 11, what is -7 - 25a261?
-25a268
In base 7, what is -161002640 - 1?
-161002641
In base 10, what is -4276 + 6362?
2086
In base 8, what is -357147 + -130?
-357277
In base 5, what is 43431 + 200444?
244430
In base 15, what is -5 + 1da52ed4?
1da52ece
In base 8, what is 202632 + 30201?
233033
In base 8, what is -541033 + -4305?
-545340
In base 14, what is -18 + 41160?
41146
In base 5, what is -302004014203 - -1?
-302004014202
In base 8, what is 7 - 10666534?
-10666525
In base 4, what is -100012 + -1102010003?
-1102110021
In base 12, what is ab + -1557?
-1468
In base 9, what is -20 - 4273745?
-4273765
In base 12, what is -1 - 90442?
-90443
In base 9, what is 25652 + 634?
26386
In base 11, what is 101 + 135a061?
135a162
In base 3, what is -102222 - -1210221102?
1210111110
In base 2, what is 10 + 100001011110100011110000?
100001011110100011110010
In base 9, what is -3 - 357282425?
-357282428
In base 10, what is 45642 - -25?
45667
In base 13, what is -1704 + 220a9?
206a5
In base 5, what is 4 + -24123313030?
-24123313021
In base 16, what is -312f - -34?
-30fb
In base 2, what is -1010111011 + -1001111110001000?
-1010001001000011
In base 8, what is -2043700 - 353?
-2044253
In base 5, what is -1 - 411124323?
-411124324
In base 13, what is 8 - -1045cb?
104606
In base 6, what is -2 + 23321212505?
23321212503
In base 4, what is 10013120 - 32300?
3320220
In base 13, what is -23c7 + -704?
-2acb
In base 6, what is 401 - -2100333?
2101134
In base 11, what is -14 + 20393783?
2039376a
In base 12, what is 1a3a93 - -1232?
1a5105
In base 16, what is 121e7cf - 3?
121e7cc
In base 8, what is 75 - -366316?
366413
In base 8, what is 10 + 17674110?
17674120
In base 9, what is -2 + 516442763?
516442761
In base 16, what is 13c2 + 10?
13d2
In base 5, what is 2001 + -3124401?
-3122400
In base 6, what is 2025 + 123410?
125435
In base 4, what is 23102001100 - -112?
23102001212
In base 3, what is 210100101 + -102001201?
101021200
In base 3, what is 20200220 - -111001100?
201202020
In base 6, what is 54535 + 124?
55103
In base 8, what is 132360336 + 3?
132360341
In base 10, what is -3698 - -18696?
14998
In base 5, what is -23 - 430320401?
-430320424
In base 16, what is 1a5 - 2d219?
-2d074
In base 4, what is 2213103 - 213330?
1333113
In base 4, what is 31 + 1001301202023?
1001301202120
In base 12, what is 1aa1493 - 3?
1aa1490
In base 14, what is -6ba + -371a?
-3dd6
In base 7, what is 154 + -154361020?
-15436